te?
False
Let a(q) = 4 + 7*q + 4*q + 15*q. Let i = -23 + 28. Is a(i) a prime number?
False
Suppose 0 = 5*c - 4*a - 839749, -5*c + 50*a - 55*a = -839785. Is c a prime number?
True
Let f = -97 - -153. Suppose -4*o = 4*w - 120, -5*o + 3*w + 118 + f = 0. Suppose 2*s = 5*s + 9, 0 = 3*l + 4*s - o. Is l a composite number?
True
Suppose 4*s = 2*k - 54358, -7*s = k - 2*s - 27179. Is k prime?
True
Let o = 13193 + -7888. Is o a composite number?
True
Suppose -1 = u - 41. Suppose 3*m = -m - u. Is (116/m)/(5/(-25)) composite?
True
Suppose -4*c + 4*t = -253760, 17*c + 5*t = 16*c + 63458. Is c a prime number?
True
Suppose -5*k = -b + 94, -b + 2*b - 110 = k. Suppose -2*q = 14 + b. Let x = q - -102. Is x composite?
True
Is 3/(-2)*180304/(-24) a prime number?
False
Let d be 1/1 - (-2)/(-2). Suppose 0 = g + 3, -2*g - 1106 = -q + 47. Suppose m - 2*m - 4*i + 389 = d, 2*i = -3*m + q. Is m a composite number?
True
Suppose -5*h - 3*k - 34 = 0, -5 = 2*k + 1. Let s = h + 7. Suppose -3 = 5*b + s, 5*b - 41 = -2*n. Is n composite?
False
Let w be -3 + -3*752/12. Let d = 450 - w. Is d a prime number?
True
Suppose 6*o + 6 = 18. Is (o*5)/(10/295)*1 prime?
False
Let m(l) = 3*l**2 - 2*l - 1. Let u = -34 - -30. Is m(u) composite?
True
Let q(a) = -a**3 - 2*a**2 + 8*a - 8. Let j be q(-7). Let b = 366 - j. Suppose 5*l + 3*m = b + 3203, -l = -3*m - 674. Is l a composite number?
False
Suppose -242950 = -30*u + 1189160. Is u prime?
True
Let g(p) = 25*p**2 + 5 + 8*p - 5 + 0 - 1. Is g(10) a prime number?
True
Suppose 25*i - 30*i = -9490. Let w = i - 1083. Is w prime?
False
Let l(c) be the first derivative of -c**3/3 - 4*c**2 - 6*c - 12. Let t be l(-6). Suppose -4*g = -v - 0*g + t, 5*v = -5*g + 30. Is v prime?
False
Suppose 6*y - 278792 = -2*y. Is y prime?
True
Let z be (22/(-33))/((-4)/1482). Suppose 5*t = 2*d - z - 79, t = -4*d + 652. Is d a prime number?
True
Suppose 5*u - 3*k + 1265 = 0, 3*k = -u - 2*k - 281. Let t = 495 + u. Is t a composite number?
False
Let o be (-1)/(-2) + 3/(-2). Let b be ((-3)/1)/(o/2). Suppose -2*n = 4*k - 234, 3*n - b*k + 2*k = 321. Is n composite?
True
Let u = 1464 + -779. Is u prime?
False
Suppose 8726 = 4*d + 2*c, 0 = 11*d - 14*d - 5*c + 6562. Is d a prime number?
True
Let m be 6948/24*16/3. Let t = m + -909. Is t prime?
False
Let c = -25 + 19. Let j(d) = d**2 + 4*d - 10. Let b be j(c). Suppose -b*h = -349 - 175. Is h composite?
True
Is 4 - 2*(-366)/48*4 a prime number?
False
Suppose -37*z = -39*z + 66614. Is z a composite number?
True
Let i(u) be the third derivative of 0*u + 1/6*u**4 + 5/6*u**3 + 1/12*u**5 - 2*u**2 - 1/120*u**6 + 0. Is i(4) a prime number?
True
Suppose -g = -5*g - 152. Let i = -7 - -195. Let t = i - g. Is t a prime number?
False
Let y(u) = -6*u**3 + u**2 + 24*u + 12. Is y(-5) prime?
False
Let c(t) = -30*t**3 - 3*t**2 + 3*t + 7. Let v be (-2)/2 + (1 - 2) + -1. Is c(v) a composite number?
True
Suppose 336297 = 204*b - 191*b. Is b a prime number?
False
Let d(w) = w**3 + 7*w**2 - 7*w + 10. Let m be d(-8). Let a(l) = -l + 2. Let k be a(m). Suppose 3*s + 5*v - 169 = k, 4*s + 0*v - 5*v = 202. Is s prime?
True
Let y = 68912 + -45069. Is y composite?
True
Suppose -5*l + 9*l - 5*i = 83064, -l + 4*i + 20755 = 0. Is l a composite number?
False
Let c be (-18)/(-10) - 5/(-25). Suppose -5*x + 0*x + 3*m + 2036 = 0, -6 = -c*m. Is x composite?
False
Suppose s = -3 + 2. Let b be -530*(6/(-4) - s). Suppose 4*q + q = b. Is q composite?
False
Let x = 4226 + -2255. Let y = x - 590. Is y prime?
True
Is 10/12 + (-950585)/(-30) a prime number?
True
Let g = -1098 - -1902. Suppose 0 = -b + 5*p - g, -p + 3974 = -5*b + p. Is (b/(-8))/(3/60) prime?
False
Let a(t) = 39*t + 4. Let h(j) = 156*j + 15. Let w(p) = 9*a(p) - 2*h(p). Is w(5) a composite number?
True
Let j = -902 - -1288. Let h = j - 207. Is h prime?
True
Suppose -u + 4 = v, -v + 3 + 3 = 3*u. Suppose v*y = -2*o + 15, 0*y + 3 = 2*y - o. Suppose -y*x + 149 = -4. Is x a composite number?
True
Let h = -10607 + 18166. Is h a prime number?
True
Suppose -3340*y + 3339*y = -3. Let p(v) = 21*v - 1. Let r(q) = -1. Let w(b) = p(b) - 5*r(b). Is w(y) a composite number?
False
Suppose 5*u - 4*u = 2*n - 11, 20 = -2*u + 5*n. Let k be (-1 - -2)/((-5)/u). Is ((-171)/(-12))/(k/8) a prime number?
False
Let y be (-4)/(-20) + 14/5. Is (-149)/(-3 - (1 - y)) a prime number?
True
Suppose 15 = 3*g - 3*r, -2*g + 2 = -3*r - 10. Suppose x - g*x = -1504. Suppose 100 + x = 4*p - 4*v, 5*v = -4*p + 834. Is p prime?
True
Suppose -3*w + 3*h + 901 = -5027, h = 3*w - 5934. Let j = -720 + w. Is j composite?
False
Suppose 4*b = 4*x - 8102 - 2874, 0 = 2*x - 4*b - 5482. Is x a prime number?
False
Suppose 3*j = -2*y + y + 22111, -36857 = -5*j - 3*y. Is j prime?
True
Let z = 15 + 1. Let l(j) = j**3 - 5*j**2 + 5*j + 39. Is l(z) a composite number?
True
Let g(h) = 3*h**2 - 57*h - 29. Is g(-44) a composite number?
False
Let r be (1/(-1))/(1/(-441)). Suppose -3*s + 3*h + r = 0, -3*h + 4*h + 582 = 4*s. Let l = s + 46. Is l prime?
True
Let h(w) be the third derivative of w**5/30 - w**4/6 + w**3/3 + 2*w**2. Let x be h(2). Is -1 - x*-47*1 prime?
False
Let x = -2598 + 4889. Is x a prime number?
False
Let h be ((-4)/12)/((-2)/24). Suppose h*d + 1772 = 2*l, -2*d - l - 385 - 501 = 0. Let k = -232 - d. Is k composite?
False
Suppose 36*k + 45068 = 4*f + 31*k, f - 3*k - 11267 = 0. Is f composite?
True
Suppose 5*m - 135 = 2*m. Let p = -106 - m. Let j = -93 - p. Is j a composite number?
True
Let l be (-9316)/(-2) + 6*3/9. Let c = -2487 + l. Is c a composite number?
True
Let h be (9/(-6))/(3/(-6)). Suppose h*f - 1 = 4*f, -3*c + 2186 = f. Let a = -316 + c. Is a a composite number?
True
Let f(d) = -d**3 + 32*d**2 + 31*d - 1. Is f(17) a prime number?
True
Let h be 72831/12 + 2/(-8). Let g = -4245 + h. Suppose -3*v - 299 = -p, -5*p + 2*v - 355 = -g. Is p prime?
True
Let m = 27 - 12. Let a = -10 + m. Suppose a*l - 522 = -l. Is l a composite number?
True
Let o(f) = -f**2 - f. Let m(c) = -2*c**2 + 3*c - 13. Let x(q) = -m(q) - o(q). Is x(-6) a prime number?
False
Is (-14)/21*1*(-591 - 0) a prime number?
False
Is 2 + -8 + (-2 - -963) composite?
True
Let n(x) be the second derivative of -1/20*x**5 - 1/3*x**3 + 0 + 3*x + 13/2*x**2 + 11/12*x**4. Is n(10) a prime number?
False
Suppose 0 = 4*l - 3*l - 4, 0 = -3*i - 4*l + 25. Suppose 5*v - 908 = i*v. Is v prime?
False
Let c(w) = 4 - 40*w - 2*w**3 + 3*w**3 - 6*w**2 + 36*w. Is c(9) a prime number?
True
Let a(q) = -7*q**3 + 5*q**2 + 20*q + 13. Let x(r) = -20*r**3 + 15*r**2 + 60*r + 39. Let d(v) = 17*a(v) - 6*x(v). Is d(11) prime?
False
Let n(x) = 6*x + 1. Let q(i) = -5*i - 3. Let t be q(-2). Let m = t - -6. Is n(m) composite?
False
Let s be -1 + ((-3)/12 - 1/(-4)). Let i(c) = 1758*c**2 + 2*c + 1. Is i(s) prime?
False
Let r(z) = z**3 + 47*z**2 + 80*z + 112. Is r(-45) a prime number?
False
Suppose 5*o = f - 5*f + 3049, -4*f - 4*o + 3052 = 0. Suppose r + 0*l - 4 = -4*l, 0 = -3*l. Suppose v = -r*d + 238, -3*v + f = 2*d - 3*d. Is v a prime number?
False
Suppose -9*w + 91156 = -6233. Is w prime?
False
Let c = -1373 + 2600. Suppose 19*d + c = 22*d. Is d prime?
True
Let y = -5 - -8. Is ((-356)/6)/((-2)/y) a prime number?
True
Suppose -4*l + 16690 + 394 = 0. Is l prime?
True
Let c = -303 + 865. Suppose 2*w - 364 = c. Is w prime?
True
Let l = -29 + 15. Let p = l + -109. Is 0 + 1 + (-1 - p) a composite number?
True
Suppose -18*a + 15*a - 2636 = -4*q, 2006 = 3*q + 5*a. Is q a composite number?
True
Let z(s) = 13*s**2 - 29*s - 61. Is z(-21) a composite number?
True
Let h(p) = -212 - p**2 + 3*p**3 + 217 + 4*p + p**2. Suppose 16 = x + 3*x. Is h(x) composite?
True
Suppose -h + 11 = 2*o, 6*h - h + 15 = 4*o. Suppose -2*n - 4533 = -o*n. Is n a composite number?
False
Suppose -3*x - 57947 = -2*r - 0*r, 3*x - 9 = 0. Is r prime?
False
Let y(p) = 7*p**2 - 14*p + 9. Is y(7) composite?
True
Suppose -3*v + 5 - 11 = 0. Let d be ((6 - 3) + v)*36. Is 2133/d + 1/(-4) a prime number?
True
Let v(w) = 4 - w**2 - w**2 + 6*w + 5*w**2 - 8*w**3 + 0*w**2. Is v(-5) composite?
False
Let s(d) = 2*d - 15. Let h be s(9). Suppose -f + 0 = -1, h*p - 2790 = -3*f. Is p composite?
False
Suppose -155*g + 40285 = -150*g. Is g a prime number?
False
Let d = -449 - -698. Is d/(-2)*(-112)/24 composite?
True
Let n(m) = m**2 - 3*m + 5381. Is n(0) composite?
False
Let p = 10426 - 6017. Is 